0338 and 228?
114
Calculate the highest common factor of 393 and 268026.
393
What is the greatest common factor of 7428 and 1056?
12
What is the highest common divisor of 9168 and 3715332?
2292
What is the highest common factor of 44248 and 128?
8
What is the highest common divisor of 7062 and 264?
66
Calculate the greatest common factor of 241 and 15671507.
241
What is the greatest common factor of 48408 and 96?
24
Calculate the highest common factor of 205821 and 264.
33
Calculate the greatest common divisor of 585126 and 198.
18
Calculate the highest common divisor of 20384 and 329966.
1274
Calculate the greatest common factor of 746 and 22007.
373
Calculate the greatest common factor of 48125 and 44.
11
What is the highest common divisor of 48 and 561776?
16
What is the highest common factor of 15 and 3035?
5
What is the highest common factor of 6520 and 240?
40
What is the highest common factor of 1330 and 31160?
190
Calculate the highest common divisor of 8 and 16540.
4
What is the highest common divisor of 289 and 2766886?
289
What is the greatest common factor of 13865 and 423?
47
Calculate the highest common factor of 14018 and 1204.
86
What is the highest common divisor of 3538 and 696?
58
Calculate the greatest common factor of 522 and 12111966.
522
Calculate the greatest common factor of 3838572 and 18.
18
Calculate the greatest common divisor of 92118 and 156.
78
Calculate the highest common factor of 798 and 156275.
133
What is the highest common divisor of 4640 and 2030?
290
What is the greatest common divisor of 2189 and 22?
11
Calculate the greatest common divisor of 822301 and 36499.
2147
What is the highest common factor of 80 and 41000?
40
Calculate the greatest common divisor of 25 and 1183750.
25
What is the highest common factor of 292 and 143518?
146
What is the greatest common factor of 480 and 1665?
15
What is the greatest common factor of 510 and 23445?
15
Calculate the highest common divisor of 721 and 371.
7
What is the highest common divisor of 7 and 99407?
7
What is the greatest common factor of 172130 and 280?
70
What is the greatest common factor of 465762 and 132?
66
What is the highest common factor of 286 and 3278?
22
Calculate the highest common factor of 3278 and 37510.
22
Calculate the highest common factor of 20900 and 34650.
550
What is the highest common divisor of 102 and 12988?
34
Calculate the highest common factor of 1431186 and 24.
6
What is the highest common divisor of 12325 and 85?
85
Calculate the highest common divisor of 71895 and 30.
15
Calculate the greatest common factor of 10864 and 583261.
679
Calculate the highest common factor of 6 and 11478.
6
Calculate the highest common factor of 177 and 486042.
177
What is the highest common divisor of 12593 and 4214?
49
What is the greatest common divisor of 30578 and 4?
2
What is the highest common divisor of 5025 and 176478?
201
Calculate the greatest common divisor of 248215 and 1045.
55
What is the highest common factor of 1108324 and 2576?
644
Calculate the highest common divisor of 432 and 33688.
8
What is the greatest common factor of 5075290 and 3256?
814
Calculate the highest common divisor of 13771 and 611.
47
Calculate the highest common factor of 28 and 283626.
14
What is the greatest common factor of 8073 and 598?
299
Calculate the greatest common divisor of 157673 and 261.
29
Calculate the highest common factor of 39 and 99333.
39
What is the highest common factor of 89832 and 24?
24
Calculate the highest common factor of 667923 and 402.
201
What is the highest common divisor of 840 and 3304?
56
Calculate the greatest common factor of 182 and 38402.
182
What is the highest common divisor of 11011 and 269269?
1001
What is the greatest common factor of 3434605 and 244?
61
Calculate the greatest common divisor of 1680 and 37695.
105
Calculate the greatest common factor of 83673 and 21.
3
What is the greatest common divisor of 160008 and 472?
472
Calculate the highest common factor of 9843 and 7141.
193
Calculate the highest common divisor of 12265 and 165.
55
What is the greatest common factor of 1674 and 432?
54
Calculate the highest common factor of 475118 and 14.
14
Calculate the greatest common factor of 286 and 30844.
22
Calculate the greatest common factor of 86268 and 22386.
546
What is the highest common divisor of 620 and 3205?
5
Calculate the highest common factor of 55748 and 3077.
181
What is the highest common factor of 317198 and 278?
278
Calculate the greatest common divisor of 122 and 619699.
61
What is the greatest common divisor of 39 and 1769079?
39
Calculate the highest common factor of 6403 and 2831.
19
Calculate the highest common factor of 918 and 1598.
34
Calculate the highest common factor of 3360 and 12390.
210
What is the highest common divisor of 3 and 1251417?
3
Calculate the greatest common factor of 1232544 and 296.
296
Calculate the greatest common divisor of 76422 and 705.
141
What is the highest common divisor of 5738 and 1558?
38
Calculate the highest common factor of 552 and 1978.
46
Calculate the highest common divisor of 489598 and 86.
86
Calculate the highest common factor of 21664 and 95457.
677
What is the greatest common divisor of 119 and 38624?
17
Calculate the greatest common factor of 25546 and 1687.
241
What is the greatest common divisor of 273 and 13663?
13
What is the greatest common divisor of 11635 and 247?
13
Calculate the greatest common divisor of 1205175 and 75.
75
Calculate the highest common factor of 192313 and 11.
11
Calculate the greatest common factor of 24104 and 152.
8
Calculate the greatest common divisor of 330733 and 103.
103
Calculate the greatest common divisor of 19769 and 1537.
53
What is the highest common divisor of 2364 and 15959364?
2364
What is the greatest common factor of 3668 and 1736?
28
What is the highest common factor of 25746 and 126?
42
Calculate the highest common divisor of 835 and 10.
5
Calculate the greatest common divisor of 1421 and 6409.
29
Calculate the greatest common factor of 24 and 89256.
24
Calculate the greatest common divisor of 2924 and 816.
68
Calculate the greatest common divisor of 3619509 and 142.
71
Calculate the greatest common factor of 10 and 128890.
10
What is the highest common factor of 67614 and 764?
382
What is the greatest common factor of 59040 and 1060?
20
What is the highest common divisor of 828 and 52302?
138
Calculate the greatest common factor of 8927 and 158.
79
What is the highest common factor of 2196 and 297?
9
Calculate the greatest common factor of 12 and 5924.
4
Calculate the greatest common divisor of 584 and 1387.
73
Calculate the greatest common factor of 150 and 103925.
25
What is the greatest common divisor of 2583 and 50553?
369
What is the greatest common factor of 6416 and 56942?
802
Calculate the highest common factor of 10143 and 10787.
161
What is the greatest common divisor of 8 and 13256?
8
Calculate the greatest common factor of 4130 and 1806.
14
Calculate the greatest common divisor of 2800 and 210.
70
What is the greatest common factor of 4587 and 6270?
33
What is the highest common factor of 1350 and 13158?
18
What is the highest common factor of 7310 and 146845?
215
What is the highest common divisor of 195 and 13962?
39
What is the highest common factor of 115115 and 5720?
715
Calculate the greatest common factor of 21488 and 6320.
1264
Calculate the greatest common factor of 2970 and 13530.
330
What is the highest common divisor of 119 and 489209?
119
What is the highest common factor of 157311 and 45?
9
Calculate the greatest common factor of 245 and 560.
35
What is the greatest common divisor of 7654311 and 63?
63
What is the greatest common factor of 9039 and 5727?
69
Calculate the greatest common divisor of 5 and 1881260.
5
What is the greatest common factor of 4515 and 420?
105
Calculate the greatest common divisor of 1749728 and 352.
32
Calculate the highest common divisor of 224458 and 2425.
97
Calculate the greatest common divisor of 34 and 1382.
2
What is the highest common factor of 33288 and 304?
152
What is the greatest common divisor of 390 and 1051362?
78
Calculate the highest common divisor of 1241508 and 5526.
1842
Calculate the highest common factor of 76 and 37924.
7